1
Suppose -4*o + 5 = -3. Suppose o*l = -3*l + 5*c + 220, -5*c + 100 = 3*l. List the prime factors of l.
2, 5
What are the prime factors of ((-508)/(-28) - 1)/((-24)/(-3276))?
2, 3, 5, 13
Let y(z) = -z**2 - 12*z + 27. Let t be y(-15). Let j = t + 75. List the prime factors of j.
3, 19
Let g(y) = -y**3 + y**2 + 11*y + 13. List the prime factors of g(-6).
199
Suppose 0 = -6*b + 11 + 1. Suppose 0 = -16*m - b*m + 2718. What are the prime factors of m?
151
Let n = -37 + 22. Let h = 26 + n. List the prime factors of h.
11
Let y = 1138 + -727. List the prime factors of y.
3, 137
Suppose -2 = 3*z - 4*z, 2*w - 14 = -5*z. Suppose 0 = h - w - 0. Suppose h*d + 59 = 3*i - 2*d, -4*d + 91 = 3*i. What are the prime factors of i?
5
Let l(h) = -19*h + 18*h + 11 + 2. Let q be l(6). Suppose -5*x - q = -207. What are the prime factors of x?
2, 5
Let z(j) = -27*j - 10. Let c be (-35)/11 - 20/(-110). List the prime factors of z(c).
71
Let a be (-12)/(-3)*(-1)/(-4). Let m be -2 - 1 - -6 - a. Suppose -53 - 21 = -m*b. What are the prime factors of b?
37
Let s(l) = l**2 + 24*l + 17. Let m be s(-23). Suppose -a = 4*j + 5, 3*j = 7*j - 3*a + 17. Let y = j - m. List the prime factors of y.
2
Let i(a) = a**2 - 11*a + 7. Suppose 98 = 9*k - 10. List the prime factors of i(k).
19
Suppose -3*k + k = 2*q - 1120, -4 = 2*k. List the prime factors of q.
2, 281
Let z be (-2090)/(-4) + 6/(-12). Let l be z/30 + 4/(-10). What are the prime factors of (1 - (-2 + 0)) + l?
2, 5
Let v(c) = -c + 13. Let z be v(15). Let k(m) = -3*m - 1. What are the prime factors of k(z)?
5
Suppose -8*m + 3*m = -15. Let l = -1 + m. Suppose 78 = h + l*h. List the prime factors of h.
2, 13
Suppose -5*s + 3*k - 27 - 39 = 0, k = 4*s + 50. Let j be 1/((-4)/s) - 2. List the prime factors of 4 - j - -60 - -2.
5, 13
Suppose -1306 + 418 = -6*w. Suppose -w - 17 = -5*a. What are the prime factors of a?
3, 11
Suppose 0 = -5*b - i + 2075 + 3160, -4*b + 2*i = -4188. What are the prime factors of b?
3, 349
Suppose b + 5*w + 13 = 2, b - 4*w - 16 = 0. Suppose -b*r - 3 = -11. Suppose 0 = -x + v + 22, -r*x - x - v + 50 = 0. What are the prime factors of x?
2, 3
Suppose -4*u = -3*k + 7*k - 3608, 1829 = 2*u - 3*k. List the prime factors of u.
907
Suppose -2 - 18 = -4*l. Suppose -5*u + 5*f = -310, -4*f = -l - 3. List the prime factors of u.
2
Let w(x) = -4*x - 2. Let g be w(4). Suppose -3*u + 73 + 41 = 3*y, 0 = -4*y - 2*u + 154. Let f = y + g. List the prime factors of f.
3, 7
Suppose -4 = -4*j - 12. Let m be 1/j*4 - -6. Suppose -2*t = 4*q - 66, q - 19 = 6*t - m*t. What are the prime factors of q?
17
Suppose 5*m + 4*b = 4*m - 377, -5*m - 1960 = 5*b. Let r = -187 - m. What are the prime factors of r?
2, 3, 5, 7
Let u(r) = r - 14. Let d be u(16). Suppose 5*l - 185 = -2*j, 2*j - 202 = -d*l - 14. What are the prime factors of j?
5, 19
Suppose -2*s - 16 = 2*w + 2, -2*s - 53 = -5*w. Let a = s + 5. What are the prime factors of 15 + a/(-6 - -3)?
2, 3
What are the prime factors of ((-24)/10)/(80/(-31800))?
2, 3, 53
Let c(i) = -3*i + 70. Let k be c(21). Suppose k*h = 6*h + 31. List the prime factors of h.
31
Let g(s) = -2*s**2 - 25*s - 17. Let f(x) = -x - 1. Let d(j) = 6*f(j) - g(j). List the prime factors of d(-13).
2, 3, 17
Let a(k) = -16*k**2 + 1. Let m be a(-1). Let q = 3 + m. Let f(v) = -v + 2. List the prime factors of f(q).
2, 7
Suppose -4*x = -5*z - 685, 6*x - z = x + 872. List the prime factors of x.
5, 7
Suppose 0 = -6*w + 12061 - 1579. What are the prime factors of w?
1747
Suppose 4*n - q - 1122 = 416, -q + 1150 = 3*n. What are the prime factors of n?
2, 3
Let t be 34/51 - 14/(-6). Suppose -t*o - 5*q + 116 = 0, 3*o = o - 3*q + 79. Let b = o + 3. What are the prime factors of b?
2, 5
Let v be 2/(-17) - (-414)/51. Let m = v + 54. What are the prime factors of m?
2, 31
Let r(m) = -5*m - 31. Let x be r(-7). Suppose -2*h = 3*h + x*a - 437, 5*a = 4*h - 366. List the prime factors of h.
89
Let w(y) = -71*y**3 + y**2 - y - 2. Let j be w(-2). Suppose -4*p + j = -0*p. Suppose 3 = -4*n + p. What are the prime factors of n?
5, 7
Suppose 0 = 5*f - 3*f - 6. Suppose 2*h + f*h = 610. What are the prime factors of h?
2, 61
Suppose 30*t = -3*t + 66528. List the prime factors of t.
2, 3, 7
Let k(l) = -82*l**3 - l**2 + l - 1. Let j be k(1). Let v = 39 - j. List the prime factors of v.
2, 61
Let g = 75 - 70. Suppose 0 = 2*q, 0 = -0*d - 5*d + g*q + 520. What are the prime factors of d?
2, 13
Let y = 205 + -186. List the prime factors of y.
19
Let y(l) = -6 - 3 + 2*l - l. Let s be y(15). What are the prime factors of 4/s + (-168)/(-18)?
2, 5
Let g be (342/4)/(-3)*-2. Let r = -5 + g. List the prime factors of r.
2, 13
Suppose -r + 5*v = r + 30, 0 = 4*r + 2*v + 12. Let p be (-2)/r + (-92)/(-20). Suppose p*a = -0*a + 10. List the prime factors of a.
2
Suppose -3*i + 4 = -i. Let b be i - 1/((-1)/23). Suppose -r - u = -b, 2*r - 2*u - 104 = -3*r. List the prime factors of r.
2, 11
Let l(r) = 38*r + 107. What are the prime factors of l(13)?
601
Suppose 2*l - 3 = l. Suppose -5*z = 3*t + t - 181, -24 = -t + l*z. What are the prime factors of t?
3, 13
Suppose -3*a + o + 29 = a, a - 9 = 2*o. Suppose -a + 3 = -m. Suppose -z - 4*u = -m - 4, -3*z - 2*u + 24 = 0. What are the prime factors of z?
2
Suppose 3*k - 5*i - 88 = 20, -5*k - 4*i = -143. Let q = 15 + k. Suppose c + q = 2*c. What are the prime factors of c?
2, 23
Suppose -q + 79 = -43. Let c = -54 + q. List the prime factors of c.
2, 17
Let m(k) = -5*k + 4*k - k**2 - 2 + 35 + 2*k**2. What are the prime factors of m(0)?
3, 11
Suppose -3*f + 2*x = -67, 2*x - 6 = 5*x. Suppose 4*j - 2*h = -60, 3*j + j = -3*h - 50. Let v = j + f. What are the prime factors of v?
7
Let r(s) = 6*s - 4. Let l be r(4). Let t = l + -2. What are the prime factors of (17/(-3))/((-3)/t)?
2, 17
Let g be ((-3)/2)/(3/(-8)). Suppose -2*n = -8, a + g*n = 117 - 25. List the prime factors of a.
2, 19
Let t = -199 - -495. What are the prime factors of t?
2, 37
Let y(g) = 4*g - 8. Let o be y(5). Suppose 0*x + o*x - 2016 = 0. What are the prime factors of x?
2, 3, 7
Let g(n) = -2*n**2 + 5*n - 2. Let j be g(3). What are the prime factors of (448/10)/((-1)/j)?
2, 7
Suppose -4*c = -3*y + 4348, -1441 = 31*y - 32*y + 3*c. What are the prime factors of y?
2, 7, 13
Suppose -14*o = -17*o. Suppose 7*m - 2*m - 385 = o. What are the prime factors of m?
7, 11
Let q = 1548 + -199. List the prime factors of q.
19, 71
Let l(h) = 117*h**3 + h**2 - 1. Let y be l(1). Suppose -5*v = -337 + y. Suppose 2*g + 2*g + b = v, 0 = 4*b - 16. What are the prime factors of g?
2, 5
Let u = -1453 + 2349. Suppose 1225 = 5*h + 2*x, -4*h = -5*x - 117 - u. What are the prime factors of h?
13, 19
Suppose 8*s + 2 = -6. Let w(i) = -38*i**3 + i**2 + 2*i + 1. What are the prime factors of w(s)?
2, 19
Suppose -z + 4 = 2. Suppose z*w = -10, -2*c + 0*w = -3*w - 21. Suppose -r + 5 = 3*i - 14, 4*r = c*i + 16. List the prime factors of r.
7
Suppose -18*z - 315 = -19*z - 4*g, 0 = -2*g. What are the prime factors of z?
3, 5, 7
Let g(o) = -o**3 - 8*o**2 + 7*o - 3. Let c be g(-7). Let m = c + 153. What are the prime factors of m?
2, 13
Let v(i) = -33*i - 26. Let t be v(5). Let x = -86 - t. What are the prime factors of x?
3, 5, 7
Let a = 29 + -15. What are the prime factors of (7/a)/((-1)/(-6))?
3
Let m(c) = -821*c + 774. List the prime factors of m(-5).
7, 17, 41
Let d be 1285 + (0 + -10)/5. Suppose 8*o - 3*o = 4*u + d, 265 = o + 2*u. What are the prime factors of o?
7, 37
Let p = 1579 + -799. What are the prime factors of p?
2, 3, 5, 13
Suppose -3*d + 7 + 7 = -2*q, 0 = 5*q - 3*d + 35. Let k be (-3)/4*28/q. What are the prime factors of k/21 - (-900)/21?
43
List the prime factors of 2/13 - 148*(-1441)/572.
373
Let z be 8/6*((-828)/(-1) + 3). List the prime factors of z/12 + ((-30)/9)/(-5).
3, 31
Let i = 86 - -50. List the prime factors of i.
2, 17
Let c(l) = -l**2 - 9*l - 19. Let o be c(-4). Suppose -2*g + o = -b, 0*b - 5*b + 65 = 4*g. What are the prime factors of b?
3
Let f(s) = 16*s**3 - 3*s**2 + 7*s - 18. List the prime factors of f(4).
2, 17, 29
Suppose -194 - 10436 = -10*v. List the prime factors of v.
1063
Let q(z) = -32*z - 44. Let s be q(-15). Let x = -232 + s. List the prime factors of x.
2, 3, 17
List the prime factors of 3455 - (-7 - (-5 - 1)).
2, 3
What are the prime factors of 6/1